[INFO] cloning repository https://github.com/sdir/svnpasswd
[INFO] running `Command { std: "git" "-c" "credential.helper=" "-c" "credential.helper=/workspace/cargo-home/bin/git-credential-null" "clone" "--bare" "https://github.com/sdir/svnpasswd" "/workspace/cache/git-repos/https%3A%2F%2Fgithub.com%2Fsdir%2Fsvnpasswd", kill_on_drop: false }`
[INFO] [stderr] Cloning into bare repository '/workspace/cache/git-repos/https%3A%2F%2Fgithub.com%2Fsdir%2Fsvnpasswd'...
[INFO] running `Command { std: "git" "rev-parse" "HEAD", kill_on_drop: false }`
[INFO] [stdout] 06a172aa08d794336bddac66f8c00b461c2e9281
[INFO] checking sdir/svnpasswd against master#cfbc6d4cf1acbac5c025acf8ed68929caa551df3 for pr-75494-beta
[INFO] running `Command { std: "git" "clone" "/workspace/cache/git-repos/https%3A%2F%2Fgithub.com%2Fsdir%2Fsvnpasswd" "/workspace/builds/worker-8/source", kill_on_drop: false }`
[INFO] [stderr] Cloning into '/workspace/builds/worker-8/source'...
[INFO] [stderr] done.
[INFO] validating manifest of git repo https://github.com/sdir/svnpasswd on toolchain cfbc6d4cf1acbac5c025acf8ed68929caa551df3
[INFO] running `Command { std: "/workspace/cargo-home/bin/cargo" "+cfbc6d4cf1acbac5c025acf8ed68929caa551df3" "read-manifest" "--manifest-path" "Cargo.toml", kill_on_drop: false }`
[INFO] started tweaking git repo https://github.com/sdir/svnpasswd
[INFO] finished tweaking git repo https://github.com/sdir/svnpasswd
[INFO] tweaked toml for git repo https://github.com/sdir/svnpasswd written to /workspace/builds/worker-8/source/Cargo.toml
[INFO] crate git repo https://github.com/sdir/svnpasswd already has a lockfile, it will not be regenerated
[INFO] running `Command { std: "/workspace/cargo-home/bin/cargo" "+cfbc6d4cf1acbac5c025acf8ed68929caa551df3" "fetch" "--locked" "--manifest-path" "Cargo.toml", kill_on_drop: false }`
[INFO] running `Command { std: "docker" "create" "-v" "/var/lib/crater-agent-workspace/builds/worker-8/target:/opt/rustwide/target:rw,Z" "-v" "/var/lib/crater-agent-workspace/builds/worker-8/source:/opt/rustwide/workdir:ro,Z" "-v" "/var/lib/crater-agent-workspace/cargo-home:/opt/rustwide/cargo-home:ro,Z" "-v" "/var/lib/crater-agent-workspace/rustup-home:/opt/rustwide/rustup-home:ro,Z" "-e" "SOURCE_DIR=/opt/rustwide/workdir" "-e" "CARGO_TARGET_DIR=/opt/rustwide/target" "-e" "CARGO_HOME=/opt/rustwide/cargo-home" "-e" "RUSTUP_HOME=/opt/rustwide/rustup-home" "-w" "/opt/rustwide/workdir" "-m" "1610612736" "--user" "0:0" "--network" "none" "rustops/crates-build-env@sha256:a636fd89d022f18117e1dc8fb37a0a009933cdbbe082814857f0e2024962d47c" "/opt/rustwide/cargo-home/bin/cargo" "+cfbc6d4cf1acbac5c025acf8ed68929caa551df3" "metadata" "--no-deps" "--format-version=1", kill_on_drop: false }`
[INFO] [stdout] df041f345ddb4669fc20c43cfd7407f5af5aadeb37d9309d11d071d1a229c0f9
[INFO] [stderr] WARNING: Your kernel does not support swap limit capabilities or the cgroup is not mounted. Memory limited without swap.
[INFO] running `Command { std: "docker" "start" "-a" "df041f345ddb4669fc20c43cfd7407f5af5aadeb37d9309d11d071d1a229c0f9", kill_on_drop: false }`
[INFO] running `Command { std: "docker" "inspect" "df041f345ddb4669fc20c43cfd7407f5af5aadeb37d9309d11d071d1a229c0f9", kill_on_drop: false }`
[INFO] running `Command { std: "docker" "rm" "-f" "df041f345ddb4669fc20c43cfd7407f5af5aadeb37d9309d11d071d1a229c0f9", kill_on_drop: false }`
[INFO] [stdout] df041f345ddb4669fc20c43cfd7407f5af5aadeb37d9309d11d071d1a229c0f9
[INFO] running `Command { std: "docker" "create" "-v" "/var/lib/crater-agent-workspace/builds/worker-8/target:/opt/rustwide/target:rw,Z" "-v" "/var/lib/crater-agent-workspace/builds/worker-8/source:/opt/rustwide/workdir:ro,Z" "-v" "/var/lib/crater-agent-workspace/cargo-home:/opt/rustwide/cargo-home:ro,Z" "-v" "/var/lib/crater-agent-workspace/rustup-home:/opt/rustwide/rustup-home:ro,Z" "-e" "SOURCE_DIR=/opt/rustwide/workdir" "-e" "CARGO_TARGET_DIR=/opt/rustwide/target" "-e" "CARGO_INCREMENTAL=0" "-e" "RUST_BACKTRACE=full" "-e" "RUSTFLAGS=--cap-lints=forbid" "-e" "CARGO_HOME=/opt/rustwide/cargo-home" "-e" "RUSTUP_HOME=/opt/rustwide/rustup-home" "-w" "/opt/rustwide/workdir" "-m" "1610612736" "--user" "0:0" "--network" "none" "rustops/crates-build-env@sha256:a636fd89d022f18117e1dc8fb37a0a009933cdbbe082814857f0e2024962d47c" "/opt/rustwide/cargo-home/bin/cargo" "+cfbc6d4cf1acbac5c025acf8ed68929caa551df3" "check" "--frozen" "--all" "--all-targets" "--message-format=json", kill_on_drop: false }`
[INFO] [stdout] 2c4ced20d32fa16fbd8284599320817640dfe3658190a32e23d561d589b3e543
[INFO] [stderr] WARNING: Your kernel does not support swap limit capabilities or the cgroup is not mounted. Memory limited without swap.
[INFO] running `Command { std: "docker" "start" "-a" "2c4ced20d32fa16fbd8284599320817640dfe3658190a32e23d561d589b3e543", kill_on_drop: false }`
[INFO] [stderr]     Checking svnpasswd v0.1.0 (/opt/rustwide/workdir)
[INFO] [stdout] error[E0433]: failed to resolve: use of undeclared type or module `winapi`
[INFO] [stdout]   --> src/main.rs:10:5
[INFO] [stdout]    |
[INFO] [stdout] 10 | use winapi::shared::minwindef::*;
[INFO] [stdout]    |     ^^^^^^ use of undeclared type or module `winapi`
[INFO] [stdout] 
[INFO] [stdout] 
[INFO] [stdout] error[E0433]: failed to resolve: use of undeclared type or module `winapi`
[INFO] [stdout]   --> src/main.rs:11:5
[INFO] [stdout]    |
[INFO] [stdout] 11 | use winapi::um::wincrypt::DATA_BLOB;
[INFO] [stdout]    |     ^^^^^^ use of undeclared type or module `winapi`
[INFO] [stdout] 
[INFO] [stdout] 
[INFO] [stdout] error[E0433]: failed to resolve: use of undeclared type or module `winapi`
[INFO] [stdout]   --> src/main.rs:12:5
[INFO] [stdout]    |
[INFO] [stdout] 12 | use winapi::um::dpapi::*;
[INFO] [stdout]    |     ^^^^^^ use of undeclared type or module `winapi`
[INFO] [stdout] 
[INFO] [stdout] 
[INFO] [stdout] error[E0432]: unresolved imports `winapi::shared::minwindef::*`, `winapi::um::wincrypt::DATA_BLOB`, `winapi::um::dpapi::*`, `base64`
[INFO] [stdout]   --> src/main.rs:10:5
[INFO] [stdout]    |
[INFO] [stdout] 10 | use winapi::shared::minwindef::*;
[INFO] [stdout]    |     ^^^^^^^^^^^^^^^^^^^^^^^^^^^^
[INFO] [stdout] 11 | use winapi::um::wincrypt::DATA_BLOB;
[INFO] [stdout]    |     ^^^^^^^^^^^^^^^^^^^^^^^^^^^^^^^
[INFO] [stdout] 12 | use winapi::um::dpapi::*;
[INFO] [stdout]    |     ^^^^^^^^^^^^^^^^^^^^
[INFO] [stdout] 13 | use base64;
[INFO] [stdout]    |     ^^^^^^
[INFO] [stdout] 
[INFO] [stdout] 
[INFO] [stdout] error[E0433]: failed to resolve: use of undeclared type or module `winapi`
[INFO] [stdout]   --> src/main.rs:10:5
[INFO] [stdout]    |
[INFO] [stdout] 10 | use winapi::shared::minwindef::*;
[INFO] [stdout]    |     ^^^^^^ use of undeclared type or module `winapi`
[INFO] [stdout] 
[INFO] [stdout] 
[INFO] [stdout] error[E0433]: failed to resolve: use of undeclared type or module `winapi`
[INFO] [stdout]   --> src/main.rs:11:5
[INFO] [stdout]    |
[INFO] [stdout] 11 | use winapi::um::wincrypt::DATA_BLOB;
[INFO] [stdout]    |     ^^^^^^ use of undeclared type or module `winapi`
[INFO] [stdout] 
[INFO] [stdout] 
[INFO] [stdout] error[E0433]: failed to resolve: use of undeclared type or module `winapi`
[INFO] [stdout]   --> src/main.rs:12:5
[INFO] [stdout]    |
[INFO] [stdout] 12 | use winapi::um::dpapi::*;
[INFO] [stdout]    |     ^^^^^^ use of undeclared type or module `winapi`
[INFO] [stdout] 
[INFO] [stdout] 
[INFO] [stdout] error[E0432]: unresolved imports `winapi::shared::minwindef::*`, `winapi::um::wincrypt::DATA_BLOB`, `winapi::um::dpapi::*`, `base64`
[INFO] [stdout]   --> src/main.rs:10:5
[INFO] [stdout]    |
[INFO] [stdout] 10 | use winapi::shared::minwindef::*;
[INFO] [stdout]    |     ^^^^^^^^^^^^^^^^^^^^^^^^^^^^
[INFO] [stdout] 11 | use winapi::um::wincrypt::DATA_BLOB;
[INFO] [stdout]    |     ^^^^^^^^^^^^^^^^^^^^^^^^^^^^^^^
[INFO] [stdout] 12 | use winapi::um::dpapi::*;
[INFO] [stdout]    |     ^^^^^^^^^^^^^^^^^^^^
[INFO] [stdout] 13 | use base64;
[INFO] [stdout]    |     ^^^^^^
[INFO] [stdout] 
[INFO] [stdout] 
[INFO] [stdout] error[E0422]: cannot find struct, variant or union type `DATA_BLOB` in this scope
[INFO] [stdout]   --> src/main.rs:19:26
[INFO] [stdout]    |
[INFO] [stdout] 19 |         let mut indata = DATA_BLOB {
[INFO] [stdout]    |                          ^^^^^^^^^ not found in this scope
[INFO] [stdout] 
[INFO] [stdout] 
[INFO] [stdout] error[E0412]: cannot find type `DWORD` in this scope
[INFO] [stdout]   --> src/main.rs:20:35
[INFO] [stdout]    |
[INFO] [stdout] 20 |             cbData: data.len() as DWORD,
[INFO] [stdout]    |                                   ^^^^^ not found in this scope
[INFO] [stdout] 
[INFO] [stdout] 
[INFO] [stdout] error[E0412]: cannot find type `BYTE` in this scope
[INFO] [stdout]   --> src/main.rs:21:43
[INFO] [stdout]    |
[INFO] [stdout] 21 |             pbData: data.as_ptr() as *mut BYTE,
[INFO] [stdout]    |                                           ^^^^ not found in this scope
[INFO] [stdout] 
[INFO] [stdout] 
[INFO] [stdout] error[E0422]: cannot find struct, variant or union type `DATA_BLOB` in this scope
[INFO] [stdout]   --> src/main.rs:23:27
[INFO] [stdout]    |
[INFO] [stdout] 23 |         let mut outdata = DATA_BLOB{
[INFO] [stdout]    |                           ^^^^^^^^^ not found in this scope
[INFO] [stdout] 
[INFO] [stdout] 
[INFO] [stdout] error[E0425]: cannot find function, tuple struct or tuple variant `CryptUnprotectData` in this scope
[INFO] [stdout]   --> src/main.rs:28:9
[INFO] [stdout]    |
[INFO] [stdout] 28 |         CryptUnprotectData(&mut indata,null_mut(),null_mut(),null_mut(),null_mut(),
[INFO] [stdout]    |         ^^^^^^^^^^^^^^^^^^ not found in this scope
[INFO] [stdout] 
[INFO] [stdout] 
[INFO] [stdout] error[E0425]: cannot find value `CRYPTPROTECT_UI_FORBIDDEN` in this scope
[INFO] [stdout]   --> src/main.rs:29:13
[INFO] [stdout]    |
[INFO] [stdout] 29 |             CRYPTPROTECT_UI_FORBIDDEN,&mut outdata);
[INFO] [stdout]    |             ^^^^^^^^^^^^^^^^^^^^^^^^^ not found in this scope
[INFO] [stdout] 
[INFO] [stdout] 
[INFO] [stdout] error[E0422]: cannot find struct, variant or union type `DATA_BLOB` in this scope
[INFO] [stdout]   --> src/main.rs:19:26
[INFO] [stdout]    |
[INFO] [stdout] 19 |         let mut indata = DATA_BLOB {
[INFO] [stdout]    |                          ^^^^^^^^^ not found in this scope
[INFO] [stdout] 
[INFO] [stdout] 
[INFO] [stdout] error[E0412]: cannot find type `DWORD` in this scope
[INFO] [stdout]   --> src/main.rs:20:35
[INFO] [stdout]    |
[INFO] [stdout] 20 |             cbData: data.len() as DWORD,
[INFO] [stdout]    |                                   ^^^^^ not found in this scope
[INFO] [stdout] 
[INFO] [stdout] 
[INFO] [stdout] error[E0412]: cannot find type `BYTE` in this scope
[INFO] [stdout]   --> src/main.rs:21:43
[INFO] [stdout]    |
[INFO] [stdout] 21 |             pbData: data.as_ptr() as *mut BYTE,
[INFO] [stdout]    |                                           ^^^^ not found in this scope
[INFO] [stdout] 
[INFO] [stdout] 
[INFO] [stdout] error[E0422]: cannot find struct, variant or union type `DATA_BLOB` in this scope
[INFO] [stdout]   --> src/main.rs:23:27
[INFO] [stdout]    |
[INFO] [stdout] 23 |         let mut outdata = DATA_BLOB{
[INFO] [stdout]    |                           ^^^^^^^^^ not found in this scope
[INFO] [stdout] 
[INFO] [stdout] 
[INFO] [stdout] error[E0425]: cannot find function, tuple struct or tuple variant `CryptUnprotectData` in this scope
[INFO] [stdout]   --> src/main.rs:28:9
[INFO] [stdout]    |
[INFO] [stdout] 28 |         CryptUnprotectData(&mut indata,null_mut(),null_mut(),null_mut(),null_mut(),
[INFO] [stdout]    |         ^^^^^^^^^^^^^^^^^^ not found in this scope
[INFO] [stdout] 
[INFO] [stdout] 
[INFO] [stdout] error[E0425]: cannot find value `CRYPTPROTECT_UI_FORBIDDEN` in this scope
[INFO] [stdout]   --> src/main.rs:29:13
[INFO] [stdout]    |
[INFO] [stdout] 29 |             CRYPTPROTECT_UI_FORBIDDEN,&mut outdata);
[INFO] [stdout]    |             ^^^^^^^^^^^^^^^^^^^^^^^^^ not found in this scope
[INFO] [stdout] 
[INFO] [stdout] 
[INFO] [stdout] error: aborting due to 10 previous errors
[INFO] [stdout] 
[INFO] [stdout] 
[INFO] [stdout] Some errors have detailed explanations: E0412, E0422, E0425, E0432, E0433.
[INFO] [stdout] 
[INFO] [stdout] For more information about an error, try `rustc --explain E0412`.
[INFO] [stdout] 
[INFO] [stdout] error: aborting due to 10 previous errors
[INFO] [stdout] 
[INFO] [stdout] 
[INFO] [stdout] Some errors have detailed explanations: E0412, E0422, E0425, E0432, E0433.
[INFO] [stdout] 
[INFO] [stdout] For more information about an error, try `rustc --explain E0412`.
[INFO] [stdout] 
[INFO] [stderr] error: could not compile `svnpasswd`.
[INFO] [stderr] 
[INFO] [stderr] To learn more, run the command again with --verbose.
[INFO] [stderr] warning: build failed, waiting for other jobs to finish...
[INFO] [stderr] error: build failed
[INFO] running `Command { std: "docker" "inspect" "2c4ced20d32fa16fbd8284599320817640dfe3658190a32e23d561d589b3e543", kill_on_drop: false }`
[INFO] running `Command { std: "docker" "rm" "-f" "2c4ced20d32fa16fbd8284599320817640dfe3658190a32e23d561d589b3e543", kill_on_drop: false }`
[INFO] [stdout] 2c4ced20d32fa16fbd8284599320817640dfe3658190a32e23d561d589b3e543
